mon factor of 3 and x?
3
Suppose 0 = -4*r - 5*a + 8 + 28, -3*a + 12 = 0. Suppose -5*q + 6*q + 4*b - 167 = 0, r*q - 690 = -5*b. Calculate the highest common divisor of q and 35.
35
Let h(i) be the first derivative of -3*i**2 - 25*i + 31. Let y be h(-8). Calculate the greatest common divisor of y and 23.
23
Let t(i) = -2*i**3 - 5*i**2 - 2*i + 9. Let l be t(-6). Calculate the greatest common factor of l and 52.
13
Let j be ((-9)/15)/((-2)/10). Suppose -4*g = -j*g + b - 3, 2*g - 7 = -b. Let h(i) = 4*i. Let t be h(1). Calculate the highest common divisor of g and t.
4
Suppose -5520 = -14*d - d. Calculate the greatest common divisor of 23 and d.
23
Suppose 9*h = -322 + 934. What is the greatest common divisor of h and 36?
4
Let z = 342 - 329. What is the highest common factor of z and 117?
13
Suppose 2*x + 290 = -3*c, -2*c - 3*c - 576 = 4*x. Let r = x - -154. Calculate the highest common factor of 30 and r.
15
Let r = -13 - -10. Let l be -1 + (-1254)/r + 0. Suppose -4*i + l = 157. Calculate the highest common factor of 13 and i.
13
Suppose -3*o - 27 = 2*g, -3*o - 5 - 4 = g. Let b = 29 + g. What is the greatest common factor of b and 99?
11
Suppose 140 = 4*w + 4*i - 60, -257 = -5*w + 2*i. Suppose 4*x = -w + 207. Calculate the greatest common factor of 13 and x.
13
Suppose -3*f = -3*c + 150, 356 = 5*c - 2*f + 121. Let a = -48 + 90. Suppose 30 + a = 4*l. Calculate the highest common factor of l and c.
9
Suppose -4*t + 8 = 0, 0 = -3*z - 2*t - 2*t + 38. Let y = -65 + 257. Suppose -368 - y = -8*q. Calculate the greatest common factor of q and z.
10
Let r(u) = u**3 + 5*u**2 - 6*u + 4. Let s be r(-6). Let d = s + 9. Suppose -122*b = -141*b + 988. What is the greatest common factor of d and b?
13
Suppose -4*s + 5*z + 426 = 0, 0*s - 2*s - z + 206 = 0. What is the greatest common factor of s and 65?
13
Suppose -15249 = -5*r + 2*u, 3*r = 4*u + 8786 + 355. Calculate the highest common divisor of 27 and r.
27
Suppose 0 = -2*y + 4 + 14. Let s = 5551 - 5470. What is the highest common divisor of s and y?
9
Suppose 0 = -23*b + 14*b + 1053. What is the greatest common factor of 1287 and b?
117
Let z(d) = 3*d**2 - 3*d - 6. Let t be z(-2). Suppose -6 = -q - 0*q - 2*i, 2*q = -5*i + t. What is the highest common divisor of q and 66?
6
Let p be 0/2 - (3 - 5). Suppose 0 = -y + 4*z + 22, -2 = 2*y - p*z - 16. Suppose -5 - 31 = -y*k. What is the highest common divisor of k and 45?
9
Let d = 22 - 14. Let s(r) = -51*r - 22 + 42*r + 31*r. Let o be s(5). Calculate the greatest common factor of o and d.
8
Let b be 20*(152/32 + 8). What is the highest common divisor of 195 and b?
15
Suppose -7*x - 6*x = -1014. What is the highest common factor of 48 and x?
6
Let t = -84 + 98. Calculate the highest common divisor of t and 63.
7
Let i(q) = 34*q + 54. Let w be i(-1). Calculate the highest common factor of w and 190.
10
Let y = -9 - -15. Suppose -5*i + 27 = -33. Calculate the greatest common divisor of i and y.
6
Let u(r) = 64*r - 105. Let z be u(2). What is the greatest common divisor of z and 4301?
23
Let d(t) = -t**2 + 4*t + 23. Let y be d(7). Let i = 8 + -6. Suppose 4*a + 2*n - 14 = 0, -i*a - y*n - 2*n = -22. Calculate the greatest common factor of 1 and a.
1
Let g be 2/7 - (-234)/14. Let k(r) = 4 - 3*r - 2*r - 5*r + 120*r**2 + 5*r. Let q be k(1). What is the highest common divisor of q and g?
17
Let q be 390*(-15)/(-5)*(-78)/(-36). Calculate the greatest common factor of 15 and q.
15
Let o(w) = -w**2 + 12. Let j be o(-7). Let k = -36 - j. What is the highest common divisor of k and 11?
1
Let d(h) = 370*h + 30. Let t be d(1). Calculate the highest common divisor of t and 25.
25
Let k = -49 - -274. Let g = -4 - -9. Suppose -60 = -2*y - 2*o, -g*y - 3*o = -0*o - 140. What is the greatest common divisor of y and k?
25
Suppose 2*u = 21*u - 1520. Let k = -72 + 49. Let o = 39 + k. Calculate the greatest common divisor of u and o.
16
Let g = 9 + -4. Suppose g*v - 6 - 14 = 0. Suppose -2*y + 168 = 2*s - v*s, -4*s = 0. Calculate the greatest common factor of 28 and y.
28
Let c(s) = -s**3 + 8*s**2 + s - 4. Suppose 26 = 2*m + 5*g - 10, g = -4*m + 36. Let a be c(m). What is the highest common factor of 32 and a?
4
Let g = 712 - 672. Let x be 2/(-3) - 1110/(-18). Let r = x + -41. What is the highest common divisor of r and g?
20
Suppose 5*q + 12 = w, 5*w + 3*q + 197 = 341. Calculate the greatest common factor of 2889 and w.
27
Let t(j) = 19*j + 30. Let y(i) = 2*i + 1. Let k(m) = -t(m) + 5*y(m). Let n be k(-5). Calculate the greatest common factor of n and 50.
10
Let o be 5/1 + 1 + -2. Let q = 0 - -20. Let f = q + -16. What is the greatest common factor of f and o?
4
Let r = 40 - -26. Let g(y) = 40*y + 4. Let n be g(1). What is the highest common divisor of r and n?
22
Suppose 5*o - 3*o - b - 79 = 0, 4*o + b - 173 = 0. Calculate the highest common divisor of 49 and o.
7
Let f(n) = n**2 + 4*n - 1154. Let o be f(34). Suppose -4*b = b - 230. What is the greatest common divisor of o and b?
46
Let q(g) = 2*g**3 - 14*g**2 - 5*g - 18. Let j be q(8). Calculate the highest common divisor of j and 170.
10
Let z be 28 + (14 - 15) + (-5)/(-1). Calculate the greatest common factor of 464 and z.
16
Let q = 4208 - 4193. Suppose 0 = -2*x + x + 5. Suppose 0 = 2*j - x*j + 135. Calculate the greatest common divisor of j and q.
15
Let h = 290 + -203. Suppose -5*x = w + 18, -4*w + 33 - h = 2*x. Let s = 3 - w. Calculate the greatest common factor of s and 2.
2
Let x be (-399)/(-27) - 16/(-72). Suppose 3*r = 3*q - 102, 0*r = 4*q - r - 133. Suppose x = 4*n - q. Calculate the greatest common divisor of n and 132.
12
Let b be 30/(-8) - 2/8. Let s be 212/7 + b/14. Suppose 19*d + 306 = 70*d. Calculate the highest common factor of s and d.
6
Let b(j) = -j**3 + 15*j**2 - 14*j + 12. Let g be b(14). Let o be (1 - g/16)/((-2)/(-104)). Let w = 19 - 6. What is the highest common factor of o and w?
13
Let z be -3*6/(-63)*14. Let c be 3 + (1 - (2 + -27)). Suppose 3*a + k - 17 = -k, a = z*k + c. Calculate the greatest common divisor of a and 1.
1
Let d be 495/2*(10/(-30) + 3). Calculate the greatest common factor of d and 22.
22
Let b(t) = t**3 - 2*t**2 + 3. Let x be b(3). Let q be -4 + (-15)/(-3) + x. Let g = 36 + -23. What is the greatest common factor of g and q?
13
Let s = 955 - -5. Calculate the greatest common divisor of 15 and s.
15
Let m be (-1)/(1 + 16/(-12)) - 11. Let y be (5460/(-80))/(3/m). Calculate the highest common divisor of y and 26.
26
Suppose 5*n - 17 = -2, 5*n + 537 = 3*k. What is the highest common factor of 16 and k?
8
Suppose 14 = 2*z - 4. Suppose -4*n = -z*n. Let s be -3 + 10 + (0 - n). Calculate the highest common divisor of s and 28.
7
Let p = -14 - -35. Let i = p - 11. Let f = -172 - -182. What is the greatest common divisor of f and i?
10
Let n be (-1 - 0)*1*-7. Let d be n/(7/18)*1. What is the greatest common factor of 45 and d?
9
Let v(k) = -k**3 - 3*k**2 + 2*k + 2. Let z = -5 - 0. Let l be v(z). What is the highest common divisor of 63 and l?
21
Suppose 4*x + 4 - 12 = 0. Suppose x*y + 34 = 96. Suppose 73 = 4*m - y. Calculate the highest common factor of 78 and m.
26
Let t(m) = -m**3 - 8*m**2 - 4*m + 16. Let o be t(-8). Let c be (o/28)/(6/147). What is the greatest common divisor of c and 14?
14
Suppose 50*b - 100 = 48*b. Let y = 38 - 10. Suppose y = n + n + 4*s, -2*n = 3*s - 31. Calculate the highest common divisor of b and n.
10
Let t = 2 + 9. Suppose -t*d = -8*d + 93. Let q = d + 88. Calculate the greatest common factor of 19 and q.
19
Suppose -17*l = -54 - 167. What is the greatest common divisor of l and 39?
13
Suppose 7*r - 2*r - 5*z - 825 = 0, -6*z = 5*r - 814. What is the highest common factor of 123 and r?
41
Let y be 5/30 + 1/(-6). Suppose y = 3*q + q - 4. Suppose -3*f + 3*o = -39, 2*f - 3*o - 28 + q = 0. What is the highest common factor of f and 24?
12
Suppose 3 = -0*v + 3*v. Let h = -27 + 12. Let f = -6 - h. What is the greatest common divisor of v and f?
1
Let p = -15 - -15. Suppose -n = 2*y - 89, p = 2*y + 5*n - 80 - 21. Suppose -y*s + 38*s = -70. Calculate the highest common divisor of s and 7.
7
Let v be 4/(-30) + (-32)/(-15). Let w be 3*(v + 15/(-9)). Let b be (2 + 5)/(0 + w). Calculate the greatest common factor of b and 77.
7
Let v(c) = c**3 + 17*c**2 - 23*c - 45. Let j be v(-18)